hat is the remainder when 19 is divided by (4/5)/(1/5)?
3
Let t = 76 - 72. What is the remainder when 28 is divided by t?
0
Let d(f) = 7*f**2 - 2*f - 8. Let y(j) = -3*j**2 + j + 4. Let i(a) = 3*d(a) + 5*y(a). Calculate the remainder when i(2) is divided by 10.
8
Suppose 54 - 96 = -3*g. Calculate the remainder when 179 is divided by g.
11
Let c(y) = -y**2 - 4*y + 7. Let n be c(-5). Let f(v) = 2*v**3 - 2*v + 1. Calculate the remainder when 51 is divided by f(n).
12
Let y(w) = 3*w. Let k be 9/(-4)*(-44)/33. What is the remainder when 17 is divided by y(k)?
8
Let r(k) = k**2 + k - 6. Let b = -3 - -9. Let g be r(b). Suppose 3*o = -o + g. What is the remainder when 17 is divided by o?
8
Let c(v) = v**2 + 7*v + 1. Let n be c(-8). What is the remainder when 91 is divided by 93/n*(-6)/(-2)?
29
Suppose -p + 37 + 2 = 0. Calculate the remainder when p is divided by (-416)/(-20) - 1/(-5).
18
Let z be 2/4 + (-40)/16. Calculate the remainder when 25 is divided by (3 - 3) + z - -15.
12
Suppose 0 = -3*x + 3*b, -x = x - 3*b + 3. What is the remainder when x is divided by 3?
0
Let o = 4 - 4. Suppose o = u - 5*u + 44. Calculate the remainder when 31 is divided by u.
9
Let a(m) = m**3 - 7*m**2 + 2*m - 8. What is the remainder when a(7) is divided by (-3)/12*-4*2?
0
Suppose 0 = 2*y + 2*q - 20, -3*y - 4*q + 6 = -7*q. Calculate the remainder when 11 is divided by y.
5
Let r = 146 - 92. Calculate the remainder when r is divided by 11.
10
Calculate the remainder when 27 is divided by 14 - (1 - (-1 + 2)).
13
Let o = 37 - 20. What is the remainder when 50 is divided by o?
16
Suppose 3*r - 8 = 1. Let x be -1 - (-1)/(r/(-72)). Let p = x - -42. What is the remainder when 49 is divided by p?
15
Calculate the remainder when 56 is divided by 394/26 - 4/26.
11
Suppose 0 = -0*c - c + 87. Calculate the remainder when c is divided by 30.
27
Let s(f) = 2*f**2 - 3*f - 4. What is the remainder when 12 is divided by s(-1)?
0
Let m(x) = x**3 + 11*x**2 - x - 5. What is the remainder when 22 is divided by m(-11)?
4
Let k = -41 + 95. Let d = 121 - k. What is the remainder when d is divided by 23?
21
Let t = 0 + 5. Suppose -25 - 15 = -t*f. Calculate the remainder when 30 is divided by f.
6
Let v(g) = -g**3 - 6*g**2 - 2*g - 6. Let r(n) = n - 12. Let j be r(6). What is the remainder when v(j) is divided by 4?
2
Suppose -4*x - 10 = 2, -4*x + 8 = 5*q. What is the remainder when 6 is divided by q?
2
Suppose l + 6 = -2*i, 6*l - 4*l = 4*i + 4. Let g be (-10)/(-2)*(-4)/i. Calculate the remainder when (16/g)/((-4)/(-50)) is divided by 11.
9
Let o = -43 - -96. Suppose -9 = -3*m, -4*c - 2*m - m + o = 0. Calculate the remainder when c is divided by 6.
5
Let l(o) = o**3 + 9*o**2 + 7*o + 1. What is the remainder when l(-8) is divided by 5?
4
Suppose -4*y - 3 = -43. Suppose y + 35 = 3*j. Calculate the remainder when 28 is divided by j.
13
Suppose 33 = 3*p - 3. Suppose 0*y - 5 = -y. Calculate the remainder when p is divided by y.
2
Suppose 2*d - q = -2*q + 35, -d + 4*q + 4 = 0. Calculate the remainder when 58 is divided by d.
10
Let d = -25 + 39. Calculate the remainder when d is divided by 4.
2
Let b = -85 - -87. Let a(w) = -w**3 - w + 4. Calculate the remainder when a(0) is divided by b.
0
Let c(u) = -6*u + 2*u - 3*u**2 + 2 + 4*u**2. Let z(d) = -d - 7. Let y be z(-3). What is the remainder when c(y) is divided by 12?
10
Suppose 2*p + 20 = -2*u, 0*u = -4*u + 2*p - 34. Let t be (-6)/(-5)*(-5)/(-2). What is the remainder when 34 is divided by t*-12*u/18?
16
Let u = 2 - -32. Suppose -3*t + d = 8 + 10, -3*d = 5*t + 44. Calculate the remainder when u is divided by 261/21 - (-3)/t.
10
Let f = -36 - -135. What is the remainder when f is divided by 20?
19
Let p(w) = w + 37. Calculate the remainder when 287 is divided by p(11).
47
Suppose 0 = -0*s - 5*s + 10, 4*q + s = 18. Suppose 5*d - 10 = 5*v, v = -q*v + 10. Calculate the remainder when 13 is divided by d.
1
Let q = 6 - 4. Let d(n) = n + 5. Calculate the remainder when d(-3) is divided by q.
0
Calculate the remainder when 55 is divided by 6*14/(-18)*-3.
13
Let n be (-4)/6 + 4/(-3). Let t = n - -14. What is the remainder when 23 is divided by t?
11
Suppose 0 = -c + n + 5, -5*c = -3*n - 20 - 5. Suppose -8*k = -c*k - 78. Calculate the remainder when k is divided by (-34)/(-4) + 1/2.
8
Let w = -2 + 6. Suppose w*n - 31 - 29 = 0. Suppose 2*t = 4*q - 102, 5*q - t - 4*t = 115. What is the remainder when q is divided by n?
13
Let d be (-1)/(-3) - 11/(-3). What is the remainder when ((-256)/(-16))/((-3)/(-9)) is divided by ((-68)/(-6))/(d/6)?
14
Suppose 4*r - 20 - 148 = 0. What is the remainder when 167 is divided by r?
41
Let q(j) = 2*j**2 - 10*j - 1. Let d = -23 - -47. Calculate the remainder when q(9) is divided by d.
23
Calculate the remainder when 34 is divided by (-232)/(-20) - 4/(-10).
10
Suppose 0 = 3*u - 4*y + 2 + 16, 4*u = -y - 24. Let m(a) = -a**2 + a - 3. Let d be m(5). Let s = u - d. Calculate the remainder when s is divided by 6.
5
Suppose 0 = 8*h - 5*h + 3*u - 33, -28 = -5*h + 4*u. Calculate the remainder when 38 is divided by h.
6
Let i = -45 + 88. Suppose 4*w + 0*z - 3*z = 94, -3*w = z - 64. Calculate the remainder when i is divided by w.
21
Suppose 3*u + 3*y = -78, -5*y = -u - 2*y - 42. Let l = 43 + u. What is the remainder when l is divided by 8?
5
Let o be (-129 - -1)*(-15)/20. Suppose -5*r - 5*x = 6 - o, -4*r + 4*x = -88. What is the remainder when 58 is divided by r?
18
Let d(s) = -4*s + 7. Suppose -1 = -2*w + 19. What is the remainder when d(-5) is divided by w?
7
Let y = -7 - -6. Let t(x) = 3*x**2 - 2*x - 1. Let d be t(y). Suppose 2*w - 40 = d. What is the remainder when w is divided by 12?
10
Let z(x) = x**3 + 6*x**2 - 9*x - 1. Let j be (-2)/(-4) - (-15)/(-2). Suppose -3*p = 0, v + 0*p - 25 = -2*p. What is the remainder when v is divided by z(j)?
12
Let m(s) be the second derivative of s**3/6 - s**2/2 + s. Suppose 4*l - 110 = 5*c, -5*l + 2*c = -3*l - 54. Calculate the remainder when l is divided by m(10).
7
Suppose 13 = -d - 0*d - 2*h, 2*d + 3*h + 23 = 0. Calculate the remainder when 0/2 + (-182)/d is divided by 14.
12
Let a = 2 - 2. Suppose 4*y - 4 - 24 = a. Suppose -3*b = 3*w + b + 7, 3*w - 5*b = 29. What is the remainder when y is divided by w?
1
Let f(r) = -4*r - 6*r + 6*r + 2*r**2 - 5 + 2. What is the remainder when f(4) is divided by 8?
5
Suppose 0 = -2*v + 2 + 60. Suppose -v = -3*f + 4*c, 3*f = f + 2*c + 22. Calculate the remainder when 38 is divided by f.
12
Let x = 1 - -7. Calculate the remainder when 29 is divided by x.
5
Calculate the remainder when 28 is divided by (36/7)/(6/21).
10
Let j(o) = o - 1. Let d be j(4). Suppose -57 = -4*p + d. What is the remainder when p is divided by (4 - 2)*(3 - -1)?
7
Let r(g) = -g**2 + 5*g - 6. Let t be r(4). Let z be 1/t - (-50)/4. Suppose 0*h = 2*h - z. Calculate the remainder when 11 is divided by h.
5
Let z = 148 - 135. Let q = 49 - -2. What is the remainder when q is divided by z?
12
Let m = -112 - -115. What is the remainder when 22 is divided by m?
1
Suppose 12 = -w - 0. Suppose -5*t = 25, 2*d + 50 = 5*d - t. What is the remainder when d is divided by 2/8 - 93/w?
7
Let x(z) be the second derivative of z**5/20 + 7*z**4/12 + z**3/6 - 3*z**2 + z. Let m(d) = 3*d - 8. Calculate the remainder when x(-6) is divided by m(7).
11
Let k = 1 + -1. Suppose -l + k*l = -13. Calculate the remainder when l is divided by 5.
3
Let h = -50 + 60. Calculate the remainder when 24 is divided by h.
4
Let w(v) = v + 24. Suppose -3*k = -3*p + 111, 4*k = -2*p - 0*k + 62. What is the remainder when p is divided by w(-15)?
8
Suppose -5*y - 10 = 5*a, 4*a + 8 = y - 10. Suppose -5*v + 5 = 0, y*v = -4*o - v + 31. Calculate the remainder when 13 is divided by o.
6
Suppose -2*s = -4*s + d + 43, 4*s - 5*d - 83 = 0. Suppose 16 = -4*b + 184. What is the remainder when b is divided by s?
20
Let u(r) be the first derivative of r**3/3 + 2*r - 1. Suppose 2*j - 17 = 4*w + 5, 0 = j + 1. What is the remainder when u(w) is divided by 13?
12
Let f = 39 - 27. Calculate the remainder when 23/(-2)*-1*2 is divided by f.
11
Suppose -3*f - 5*a + 14 = -10, 0 = -2*f - 3*a + 15. Suppose -v = f*v - 112. Calculate the remainder when v is divided by 1 - 18/(-1 - 1).
8
Suppose -3 = 2*b - 29. Calculate the remainder when 77 is divided by b.
12
Suppo